 51070 is divided by 56.
54
Calculate the remainder when 9564 is divided by 82.
52
What is the remainder when 1914 is divided by 946?
22
What is the remainder when 405 is divided by 77?
20
What is the remainder when 110699 is divided by 743?
735
What is the remainder when 16742 is divided by 453?
434
Calculate the remainder when 7099 is divided by 646.
639
What is the remainder when 5195 is divided by 53?
1
What is the remainder when 1441 is divided by 296?
257
Calculate the remainder when 2606 is divided by 113.
7
Calculate the remainder when 1568 is divided by 116.
60
Calculate the remainder when 2994 is divided by 429.
420
What is the remainder when 4978014 is divided by 1659336?
6
Calculate the remainder when 672362 is divided by 18.
8
Calculate the remainder when 290249 is divided by 17.
8
Calculate the remainder when 119835 is divided by 98.
79
What is the remainder when 198605 is divided by 33?
11
Calculate the remainder when 3746 is divided by 1827.
92
What is the remainder when 5844 is divided by 499?
355
What is the remainder when 22757 is divided by 81?
77
Calculate the remainder when 4500 is divided by 2250.
0
Calculate the remainder when 77 is divided by 9.
5
What is the remainder when 4303 is divided by 295?
173
Calculate the remainder when 981 is divided by 541.
440
What is the remainder when 827575 is divided by 51?
49
What is the remainder when 32480 is divided by 199?
43
Calculate the remainder when 155299 is divided by 501.
490
Calculate the remainder when 11157 is divided by 413.
6
What is the remainder when 18080 is divided by 287?
286
Calculate the remainder when 44661 is divided by 2492.
2297
What is the remainder when 1764 is divided by 3?
0
Calculate the remainder when 45371 is divided by 613.
9
Calculate the remainder when 20176 is divided by 6324.
1204
Calculate the remainder when 3247 is divided by 8.
7
What is the remainder when 7505 is divided by 7479?
26
What is the remainder when 1046 is divided by 382?
282
What is the remainder when 623586 is divided by 103930?
6
Calculate the remainder when 15274 is divided by 14564.
710
What is the remainder when 888466 is divided by 14?
12
Calculate the remainder when 77316 is divided by 15459.
21
Calculate the remainder when 1191 is divided by 232.
31
What is the remainder when 1783 is divided by 152?
111
Calculate the remainder when 25253 is divided by 25038.
215
What is the remainder when 690 is divided by 157?
62
Calculate the remainder when 8305 is divided by 509.
161
Calculate the remainder when 297321 is divided by 27.
24
What is the remainder when 282236 is divided by 45?
41
What is the remainder when 30090 is divided by 156?
138
What is the remainder when 4650091 is divided by 21?
19
Calculate the remainder when 5989 is divided by 1377.
481
What is the remainder when 8343 is divided by 758?
5
Calculate the remainder when 195116 is divided by 98.
96
Calculate the remainder when 1852 is divided by 94.
66
Calculate the remainder when 502662 is divided by 713.
710
What is the remainder when 758 is divided by 438?
320
Calculate the remainder when 76987 is divided by 15.
7
What is the remainder when 4288 is divided by 89?
16
What is the remainder when 3776 is divided by 291?
284
Calculate the remainder when 19184 is divided by 6389.
17
What is the remainder when 1225 is divided by 1198?
27
What is the remainder when 3202 is divided by 6?
4
Calculate the remainder when 30718 is divided by 24.
22
What is the remainder when 47596 is divided by 5948?
12
What is the remainder when 30903 is divided by 4917?
1401
Calculate the remainder when 4530 is divided by 1413.
291
What is the remainder when 20444 is divided by 1570?
34
Calculate the remainder when 12619 is divided by 574.
565
Calculate the remainder when 3176 is divided by 1013.
137
What is the remainder when 14283 is divided by 1587?
0
What is the remainder when 25007 is divided by 762?
623
Calculate the remainder when 5611 is divided by 141.
112
Calculate the remainder when 740 is divided by 574.
166
Calculate the remainder when 10321 is divided by 28.
17
Calculate the remainder when 441245 is divided by 31517.
7
Calculate the remainder when 1248 is divided by 658.
590
What is the remainder when 549459 is divided by 7?
1
What is the remainder when 47543 is divided by 13?
2
Calculate the remainder when 1228 is divided by 692.
536
What is the remainder when 3477 is divided by 21?
12
Calculate the remainder when 6039 is divided by 860.
19
What is the remainder when 628 is divided by 39?
4
What is the remainder when 829 is divided by 416?
413
Calculate the remainder when 102266 is divided by 154.
10
Calculate the remainder when 22375 is divided by 399.
31
Calculate the remainder when 478737 is divided by 412.
405
What is the remainder when 35353 is divided by 153?
10
Calculate the remainder when 60513 is divided by 5500.
13
What is the remainder when 51498 is divided by 11?
7
What is the remainder when 5405 is divided by 5395?
10
Calculate the remainder when 5107 is divided by 90.
67
Calculate the remainder when 3529797 is divided by 1272.
1269
Calculate the remainder when 192387 is divided by 51.
15
What is the remainder when 5785 is divided by 67?
23
Calculate the remainder when 40534 is divided by 826.
60
What is the remainder when 6430 is divided by 6391?
39
Calculate the remainder when 219889 is divided by 596.
561
Calculate the remainder when 56961 is divided by 11390.
11
What is the remainder when 109437 is divided by 18238?
9
Calculate the remainder when 39855 is divided by 103.
97
What is the remainder when 792 is divided by 57?
51
What is the remainder when 702 is divided by 44?
42
Calculate the remainder when 74469 is divided by 24747.
228
Calculate the remainder when 1421 is divided by 29.
0
Calculate the remainder when 37934 is divided by 5.
4
What is the remainder when 21286 is divided by 92?
34
What is the remainder when 5120 is divided by 82?
36
Calculate the remainder when 33746 is divided by 116.
106
Calculate the remainder when 4689 is divided by 1465.
294
Calculate the remainder when 179059 is divided by 19.
3
What is the remainder when 68727 is divided by 7634?
21
Calculate the remainder when 520318 is divided by 8.
6
What is the remainder when 4736 is divided by 266?
214
Calculate the remainder when 55273 is divided by 41.
5
What is the remainder when 121964 is divided by 40653?
5
Calculate the remainder when 15590 is divided by 15581.
9
What is the remainder when 472103 is divided by 182?
177
What is the remainder when 9930 is divided by 9911?
19
Calculate the remainder when 51315 is divided by 57.
15
What is the remainder when 22771 is divided by 599?
9
Calculate the remainder when 2870737 is divided by 10.
7
Calculate the remainder when 134 is divided by 129.
5
What is the remainder when 10797551 is divided by 1002?
1001
Calculate the remainder when 11954 is divided by 98.
96
What is the remainder when 335 is divided by 158?
19
Calculate the remainder when 189863 is divided by 17.
7
Calculate the remainder when 3274 is divided by 22.
18
What is the remainder when 83407 is divided by 21?
16
Calculate the remainder when 69583 is divided by 2.
1
Calculate the remainder when 86848 is divided by 1070.
178
What is the remainder when 8262 is divided by 1630?
112
What is the remainder when 15612 is divided by 58?
10
Calculate the remainder when 10205 is divided by 793.
689
What is the remainder when 10208 is divided by 15?
8
What is the remainder when 14221 is divided by 346?
35
Calculate the remainder when 3452 is divided by 1134.
50
What is the remainder when 8724 is divided by 422?
284
Calculate the remainder when 34589 is divided by 47.
44
What is the remainder when 11284 is divided by 11239?
45
Calculate the remainder when 11039 is divided by 691.
674
Calculate the remainder when 958 is divided by 455.
48
What is the remainder when 8721 is divided by 104?
89
What is the remainder when 13491 is divided by 337?
11
Calculate the remainder when 5794 is divided by 72.
34
Calculate the remainder when 227625 is divided by 15.
0
What is the remainder when 9815 is divided by 517?
509
Calculate the remainder when 521583 is divided by 88.
7
What is the remainder when 3029 is divided by 46?
39
Calculate the re